{"id":20055,"date":"2023-03-16T18:06:05","date_gmt":"2023-03-16T17:06:05","guid":{"rendered":"https:\/\/devina.indaweb.it\/prodotto\/testiera-urban-ranch\/"},"modified":"2023-10-02T17:02:41","modified_gmt":"2023-10-02T15:02:41","slug":"testiera-urban-ranch-sospesa","status":"publish","type":"product","link":"https:\/\/www.devinanais.com\/es\/producto\/testiera-urban-ranch-sospesa\/","title":{"rendered":"Cabecera efecto suspendido Urban Ranch"},"content":{"rendered":"<p>Audazmente irregular, la cabecera Urban Ranch genera una<br \/>\nnueva visi\u00f3n del dormitorio, reinventando los c\u00f3digos<br \/>\ntradicionales de la decoraci\u00f3n. El movimiento y el desorden buscado<br \/>\ncrean, con arte, un efecto \u00f3ptico relajante.<br \/>\nLas piezas individuales se elaboran a mano no para biselar sino,<br \/>\npor el contrario, para enfatizar las imperfecciones y revelar todo<br \/>\nel valor de la madera.<\/p>\n<p><img loading=\"lazy\" decoding=\"async\" class=\"alignnone size-medium wp-image-29519\" src=\"https:\/\/www.devinanais.com\/wp-content\/uploads\/2023\/04\/SU-MISURA-SPAGNOLO-300x84.jpg\" alt=\"\" width=\"300\" height=\"84\" \/><\/p>\n","protected":false},"excerpt":{"rendered":"<p>Audazmente irregular, la cabecera Urban Ranch genera una nueva visi\u00f3n del dormitorio, reinventando los c\u00f3digos tradicionales de la decoraci\u00f3n. El movimiento y el desorden buscado crean, con arte, un efecto \u00f3ptico relajante. Las piezas individuales se elaboran a mano no para biselar sino, por el contrario, para enfatizar las imperfecciones y revelar todo el valor [&hellip;]<\/p>\n","protected":false},"featured_media":26493,"template":"","meta":{"_et_pb_use_builder":"off","_et_pb_old_content":"<h3>Con l'innovativo programma Free Beds sei tu che costruisci il tuo letto.<\/h3>\r\nL\u2019asimmetrica alternanza di altezze sul profilo superiore della testiera Urban Ranch reinterpreta nella zona letto l\u2019omonima madia. Grazie alla possibilit\u00e0 di alternare misure e colori, questo modello garantisce un sogno per ogni notte e un design per ogni desiderio. Naturale complemento \u00e8 il prezioso giroletto, che a sua volta pu\u00f2 esser scelto tra svariate soluzioni in legno massello o imbottito.","_et_gb_content_width":""},"product_brand":[],"product_cat":[222],"product_tag":[],"ambiente":[298],"collezione":[308],"class_list":{"0":"post-20055","1":"product","2":"type-product","3":"status-publish","4":"has-post-thumbnail","6":"product_cat-camas","7":"ambiente-dormitorio","8":"collezione-free-beds-es","10":"first","11":"instock","12":"shipping-taxable","13":"product-type-simple"},"acf":[],"yoast_head":"<!-- This site is optimized with the Yoast SEO plugin v26.2 - https:\/\/yoast.com\/wordpress\/plugins\/seo\/ -->\n<title>Cabecera efecto suspendido Urban Ranch - DevinaNais<\/title>\n<meta name=\"robots\" content=\"index, follow, max-snippet:-1, max-image-preview:large, max-video-preview:-1\" \/>\n<link rel=\"canonical\" href=\"https:\/\/www.devinanais.com\/es\/prodotto\/testiera-urban-ranch-sospesa\/\" \/>\n<meta property=\"og:locale\" content=\"es_ES\" \/>\n<meta property=\"og:type\" content=\"article\" \/>\n<meta property=\"og:title\" content=\"Cabecera efecto suspendido Urban Ranch - DevinaNais\" \/>\n<meta property=\"og:description\" content=\"Audazmente irregular, la cabecera Urban Ranch genera una nueva visi\u00f3n del dormitorio, reinventando los c\u00f3digos tradicionales de la decoraci\u00f3n. El movimiento y el desorden buscado crean, con arte, un efecto \u00f3ptico relajante. Las piezas individuales se elaboran a mano no para biselar sino, por el contrario, para enfatizar las imperfecciones y revelar todo el valor [&hellip;]\" \/>\n<meta property=\"og:url\" content=\"https:\/\/www.devinanais.com\/es\/prodotto\/testiera-urban-ranch-sospesa\/\" \/>\n<meta property=\"og:site_name\" content=\"DevinaNais\" \/>\n<meta property=\"article:modified_time\" content=\"2023-10-02T15:02:41+00:00\" \/>\n<meta property=\"og:image\" content=\"https:\/\/www.devinanais.com\/wp-content\/uploads\/2023\/04\/testiera-rovere-massello-irregolare-or-urban-ranch-a-terra-or-devina-nais.jpg\" \/>\n\t<meta property=\"og:image:width\" content=\"2206\" \/>\n\t<meta property=\"og:image:height\" content=\"1105\" \/>\n\t<meta property=\"og:image:type\" content=\"image\/jpeg\" \/>\n<meta name=\"twitter:card\" content=\"summary_large_image\" \/>\n<meta name=\"twitter:label1\" content=\"Tiempo de lectura\" \/>\n\t<meta name=\"twitter:data1\" content=\"1 minuto\" \/>\n<script type=\"application\/ld+json\" class=\"yoast-schema-graph\">{\"@context\":\"https:\/\/schema.org\",\"@graph\":[{\"@type\":\"WebPage\",\"@id\":\"https:\/\/www.devinanais.com\/es\/prodotto\/testiera-urban-ranch-sospesa\/\",\"url\":\"https:\/\/www.devinanais.com\/es\/prodotto\/testiera-urban-ranch-sospesa\/\",\"name\":\"Cabecera efecto suspendido Urban Ranch - DevinaNais\",\"isPartOf\":{\"@id\":\"https:\/\/www.devinanais.com\/#website\"},\"primaryImageOfPage\":{\"@id\":\"https:\/\/www.devinanais.com\/es\/prodotto\/testiera-urban-ranch-sospesa\/#primaryimage\"},\"image\":{\"@id\":\"https:\/\/www.devinanais.com\/es\/prodotto\/testiera-urban-ranch-sospesa\/#primaryimage\"},\"thumbnailUrl\":\"https:\/\/www.devinanais.com\/wp-content\/uploads\/2023\/04\/testiera-rovere-massello-irregolare-or-urban-ranch-a-terra-or-devina-nais.jpg\",\"datePublished\":\"2023-03-16T17:06:05+00:00\",\"dateModified\":\"2023-10-02T15:02:41+00:00\",\"breadcrumb\":{\"@id\":\"https:\/\/www.devinanais.com\/es\/prodotto\/testiera-urban-ranch-sospesa\/#breadcrumb\"},\"inLanguage\":\"es\",\"potentialAction\":[{\"@type\":\"ReadAction\",\"target\":[\"https:\/\/www.devinanais.com\/es\/prodotto\/testiera-urban-ranch-sospesa\/\"]}]},{\"@type\":\"ImageObject\",\"inLanguage\":\"es\",\"@id\":\"https:\/\/www.devinanais.com\/es\/prodotto\/testiera-urban-ranch-sospesa\/#primaryimage\",\"url\":\"https:\/\/www.devinanais.com\/wp-content\/uploads\/2023\/04\/testiera-rovere-massello-irregolare-or-urban-ranch-a-terra-or-devina-nais.jpg\",\"contentUrl\":\"https:\/\/www.devinanais.com\/wp-content\/uploads\/2023\/04\/testiera-rovere-massello-irregolare-or-urban-ranch-a-terra-or-devina-nais.jpg\",\"width\":2206,\"height\":1105,\"caption\":\"tesiera urban ranch sospesa rovere massello devina nais\"},{\"@type\":\"BreadcrumbList\",\"@id\":\"https:\/\/www.devinanais.com\/es\/prodotto\/testiera-urban-ranch-sospesa\/#breadcrumb\",\"itemListElement\":[{\"@type\":\"ListItem\",\"position\":1,\"name\":\"Home\",\"item\":\"https:\/\/www.devinanais.com\/es\/\"},{\"@type\":\"ListItem\",\"position\":2,\"name\":\"Productos\",\"item\":\"https:\/\/www.devinanais.com\/es\/productos\/\"},{\"@type\":\"ListItem\",\"position\":3,\"name\":\"Camas\",\"item\":\"https:\/\/www.devinanais.com\/es\/categoria-prodotto\/camas\/\"},{\"@type\":\"ListItem\",\"position\":4,\"name\":\"Cabecera efecto suspendido Urban Ranch\"}]},{\"@type\":\"WebSite\",\"@id\":\"https:\/\/www.devinanais.com\/#website\",\"url\":\"https:\/\/www.devinanais.com\/\",\"name\":\"DevinaNais\",\"description\":\"\",\"potentialAction\":[{\"@type\":\"SearchAction\",\"target\":{\"@type\":\"EntryPoint\",\"urlTemplate\":\"https:\/\/www.devinanais.com\/?s={search_term_string}\"},\"query-input\":{\"@type\":\"PropertyValueSpecification\",\"valueRequired\":true,\"valueName\":\"search_term_string\"}}],\"inLanguage\":\"es\"}]}<\/script>\n<!-- \/ Yoast SEO plugin. -->","yoast_head_json":{"title":"Cabecera efecto suspendido Urban Ranch - DevinaNais","robots":{"index":"index","follow":"follow","max-snippet":"max-snippet:-1","max-image-preview":"max-image-preview:large","max-video-preview":"max-video-preview:-1"},"canonical":"https:\/\/www.devinanais.com\/es\/prodotto\/testiera-urban-ranch-sospesa\/","og_locale":"es_ES","og_type":"article","og_title":"Cabecera efecto suspendido Urban Ranch - DevinaNais","og_description":"Audazmente irregular, la cabecera Urban Ranch genera una nueva visi\u00f3n del dormitorio, reinventando los c\u00f3digos tradicionales de la decoraci\u00f3n. El movimiento y el desorden buscado crean, con arte, un efecto \u00f3ptico relajante. Las piezas individuales se elaboran a mano no para biselar sino, por el contrario, para enfatizar las imperfecciones y revelar todo el valor [&hellip;]","og_url":"https:\/\/www.devinanais.com\/es\/prodotto\/testiera-urban-ranch-sospesa\/","og_site_name":"DevinaNais","article_modified_time":"2023-10-02T15:02:41+00:00","og_image":[{"width":2206,"height":1105,"url":"https:\/\/www.devinanais.com\/wp-content\/uploads\/2023\/04\/testiera-rovere-massello-irregolare-or-urban-ranch-a-terra-or-devina-nais.jpg","type":"image\/jpeg"}],"twitter_card":"summary_large_image","twitter_misc":{"Tiempo de lectura":"1 minuto"},"schema":{"@context":"https:\/\/schema.org","@graph":[{"@type":"WebPage","@id":"https:\/\/www.devinanais.com\/es\/prodotto\/testiera-urban-ranch-sospesa\/","url":"https:\/\/www.devinanais.com\/es\/prodotto\/testiera-urban-ranch-sospesa\/","name":"Cabecera efecto suspendido Urban Ranch - DevinaNais","isPartOf":{"@id":"https:\/\/www.devinanais.com\/#website"},"primaryImageOfPage":{"@id":"https:\/\/www.devinanais.com\/es\/prodotto\/testiera-urban-ranch-sospesa\/#primaryimage"},"image":{"@id":"https:\/\/www.devinanais.com\/es\/prodotto\/testiera-urban-ranch-sospesa\/#primaryimage"},"thumbnailUrl":"https:\/\/www.devinanais.com\/wp-content\/uploads\/2023\/04\/testiera-rovere-massello-irregolare-or-urban-ranch-a-terra-or-devina-nais.jpg","datePublished":"2023-03-16T17:06:05+00:00","dateModified":"2023-10-02T15:02:41+00:00","breadcrumb":{"@id":"https:\/\/www.devinanais.com\/es\/prodotto\/testiera-urban-ranch-sospesa\/#breadcrumb"},"inLanguage":"es","potentialAction":[{"@type":"ReadAction","target":["https:\/\/www.devinanais.com\/es\/prodotto\/testiera-urban-ranch-sospesa\/"]}]},{"@type":"ImageObject","inLanguage":"es","@id":"https:\/\/www.devinanais.com\/es\/prodotto\/testiera-urban-ranch-sospesa\/#primaryimage","url":"https:\/\/www.devinanais.com\/wp-content\/uploads\/2023\/04\/testiera-rovere-massello-irregolare-or-urban-ranch-a-terra-or-devina-nais.jpg","contentUrl":"https:\/\/www.devinanais.com\/wp-content\/uploads\/2023\/04\/testiera-rovere-massello-irregolare-or-urban-ranch-a-terra-or-devina-nais.jpg","width":2206,"height":1105,"caption":"tesiera urban ranch sospesa rovere massello devina nais"},{"@type":"BreadcrumbList","@id":"https:\/\/www.devinanais.com\/es\/prodotto\/testiera-urban-ranch-sospesa\/#breadcrumb","itemListElement":[{"@type":"ListItem","position":1,"name":"Home","item":"https:\/\/www.devinanais.com\/es\/"},{"@type":"ListItem","position":2,"name":"Productos","item":"https:\/\/www.devinanais.com\/es\/productos\/"},{"@type":"ListItem","position":3,"name":"Camas","item":"https:\/\/www.devinanais.com\/es\/categoria-prodotto\/camas\/"},{"@type":"ListItem","position":4,"name":"Cabecera efecto suspendido Urban Ranch"}]},{"@type":"WebSite","@id":"https:\/\/www.devinanais.com\/#website","url":"https:\/\/www.devinanais.com\/","name":"DevinaNais","description":"","potentialAction":[{"@type":"SearchAction","target":{"@type":"EntryPoint","urlTemplate":"https:\/\/www.devinanais.com\/?s={search_term_string}"},"query-input":{"@type":"PropertyValueSpecification","valueRequired":true,"valueName":"search_term_string"}}],"inLanguage":"es"}]}},"_links":{"self":[{"href":"https:\/\/www.devinanais.com\/es\/wp-json\/wp\/v2\/product\/20055","targetHints":{"allow":["GET"]}}],"collection":[{"href":"https:\/\/www.devinanais.com\/es\/wp-json\/wp\/v2\/product"}],"about":[{"href":"https:\/\/www.devinanais.com\/es\/wp-json\/wp\/v2\/types\/product"}],"wp:featuredmedia":[{"embeddable":true,"href":"https:\/\/www.devinanais.com\/es\/wp-json\/wp\/v2\/media\/26493"}],"wp:attachment":[{"href":"https:\/\/www.devinanais.com\/es\/wp-json\/wp\/v2\/media?parent=20055"}],"wp:term":[{"taxonomy":"product_brand","embeddable":true,"href":"https:\/\/www.devinanais.com\/es\/wp-json\/wp\/v2\/product_brand?post=20055"},{"taxonomy":"product_cat","embeddable":true,"href":"https:\/\/www.devinanais.com\/es\/wp-json\/wp\/v2\/product_cat?post=20055"},{"taxonomy":"product_tag","embeddable":true,"href":"https:\/\/www.devinanais.com\/es\/wp-json\/wp\/v2\/product_tag?post=20055"},{"taxonomy":"ambiente","embeddable":true,"href":"https:\/\/www.devinanais.com\/es\/wp-json\/wp\/v2\/ambiente?post=20055"},{"taxonomy":"collezione","embeddable":true,"href":"https:\/\/www.devinanais.com\/es\/wp-json\/wp\/v2\/collezione?post=20055"}],"curies":[{"name":"wp","href":"https:\/\/api.w.org\/{rel}","templated":true}]}}

<p>Audazmente irregular, la cabecera Urban Ranch genera una<br />
nueva visión del dormitorio, reinventando los códigos<br />
tradicionales de la decoración. El movimiento y el desorden buscado<br />
crean, con arte, un efecto óptico relajante.<br />
Las piezas individuales se elaboran a mano no para biselar sino,<br />
por el contrario, para enfatizar las imperfecciones y revelar todo<br />
el valor de la madera.</p>
<p><img loading="lazy" decoding="async" class="alignnone size-medium wp-image-29519" src="https://www.devinanais.com/wp-content/uploads/2023/04/SU-MISURA-SPAGNOLO-300x84.jpg" alt="" width="300" height="84" /></p>

<p>Audazmente irregular, la cabecera Urban Ranch genera una nueva visión del dormitorio, reinventando los códigos tradicionales de la decoración. El movimiento y el desorden buscado crean, con arte, un efecto óptico relajante. Las piezas individuales se elaboran a mano no para biselar sino, por el contrario, para enfatizar las imperfecciones y revelar todo el valor [&hellip;]</p>

<h3>Con l'innovativo programma Free Beds sei tu che costruisci il tuo letto.</h3>
L’asimmetrica alternanza di altezze sul profilo superiore della testiera Urban Ranch reinterpreta nella zona letto l’omonima madia. Grazie alla possibilità di alternare misure e colori, questo modello garantisce un sogno per ogni notte e un design per ogni desiderio. Naturale complemento è il prezioso giroletto, che a sua volta può esser scelto tra svariate soluzioni in legno massello o imbottito.

<!-- This site is optimized with the Yoast SEO plugin v26.2 - https://yoast.com/wordpress/plugins/seo/ -->
<title>Cabecera efecto suspendido Urban Ranch - DevinaNais</title>
<meta name="robots" content="index, follow, max-snippet:-1, max-image-preview:large, max-video-preview:-1" />
<link rel="canonical" href="https://www.devinanais.com/es/prodotto/testiera-urban-ranch-sospesa/" />
<meta property="og:locale" content="es_ES" />
<meta property="og:type" content="article" />
<meta property="og:title" content="Cabecera efecto suspendido Urban Ranch - DevinaNais" />
<meta property="og:description" content="Audazmente irregular, la cabecera Urban Ranch genera una nueva visión del dormitorio, reinventando los códigos tradicionales de la decoración. El movimiento y el desorden buscado crean, con arte, un efecto óptico relajante. Las piezas individuales se elaboran a mano no para biselar sino, por el contrario, para enfatizar las imperfecciones y revelar todo el valor [&hellip;]" />
<meta property="og:url" content="https://www.devinanais.com/es/prodotto/testiera-urban-ranch-sospesa/" />
<meta property="og:site_name" content="DevinaNais" />
<meta property="article:modified_time" content="2023-10-02T15:02:41+00:00" />
<meta property="og:image" content="https://www.devinanais.com/wp-content/uploads/2023/04/testiera-rovere-massello-irregolare-or-urban-ranch-a-terra-or-devina-nais.jpg" />
	<meta property="og:image:width" content="2206" />
	<meta property="og:image:height" content="1105" />
	<meta property="og:image:type" content="image/jpeg" />
<meta name="twitter:card" content="summary_large_image" />
<meta name="twitter:label1" content="Tiempo de lectura" />
	<meta name="twitter:data1" content="1 minuto" />
<script type="application/ld+json" class="yoast-schema-graph">{"@context":"https://schema.org","@graph":[{"@type":"WebPage","@id":"https://www.devinanais.com/es/prodotto/testiera-urban-ranch-sospesa/","url":"https://www.devinanais.com/es/prodotto/testiera-urban-ranch-sospesa/","name":"Cabecera efecto suspendido Urban Ranch - DevinaNais","isPartOf":{"@id":"https://www.devinanais.com/#website"},"primaryImageOfPage":{"@id":"https://www.devinanais.com/es/prodotto/testiera-urban-ranch-sospesa/#primaryimage"},"image":{"@id":"https://www.devinanais.com/es/prodotto/testiera-urban-ranch-sospesa/#primaryimage"},"thumbnailUrl":"https://www.devinanais.com/wp-content/uploads/2023/04/testiera-rovere-massello-irregolare-or-urban-ranch-a-terra-or-devina-nais.jpg","datePublished":"2023-03-16T17:06:05+00:00","dateModified":"2023-10-02T15:02:41+00:00","breadcrumb":{"@id":"https://www.devinanais.com/es/prodotto/testiera-urban-ranch-sospesa/#breadcrumb"},"inLanguage":"es","potentialAction":[{"@type":"ReadAction","target":["https://www.devinanais.com/es/prodotto/testiera-urban-ranch-sospesa/"]}]},{"@type":"ImageObject","inLanguage":"es","@id":"https://www.devinanais.com/es/prodotto/testiera-urban-ranch-sospesa/#primaryimage","url":"https://www.devinanais.com/wp-content/uploads/2023/04/testiera-rovere-massello-irregolare-or-urban-ranch-a-terra-or-devina-nais.jpg","contentUrl":"https://www.devinanais.com/wp-content/uploads/2023/04/testiera-rovere-massello-irregolare-or-urban-ranch-a-terra-or-devina-nais.jpg","width":2206,"height":1105,"caption":"tesiera urban ranch sospesa rovere massello devina nais"},{"@type":"BreadcrumbList","@id":"https://www.devinanais.com/es/prodotto/testiera-urban-ranch-sospesa/#breadcrumb","itemListElement":[{"@type":"ListItem","position":1,"name":"Home","item":"https://www.devinanais.com/es/"},{"@type":"ListItem","position":2,"name":"Productos","item":"https://www.devinanais.com/es/productos/"},{"@type":"ListItem","position":3,"name":"Camas","item":"https://www.devinanais.com/es/categoria-prodotto/camas/"},{"@type":"ListItem","position":4,"name":"Cabecera efecto suspendido Urban Ranch"}]},{"@type":"WebSite","@id":"https://www.devinanais.com/#website","url":"https://www.devinanais.com/","name":"DevinaNais","description":"","potentialAction":[{"@type":"SearchAction","target":{"@type":"EntryPoint","urlTemplate":"https://www.devinanais.com/?s={search_term_string}"},"query-input":{"@type":"PropertyValueSpecification","valueRequired":true,"valueName":"search_term_string"}}],"inLanguage":"es"}]}</script>
<!-- / Yoast SEO plugin. -->

Audazmente irregular, la cabecera Urban Ranch genera una nueva visión del dormitorio, reinventando los códigos tradicionales de la decoración. El movimiento y el desorden buscado crean, con arte, un efecto óptico relajante. Las piezas individuales se elaboran a mano no para biselar sino, por el contrario, para enfatizar las imperfecciones y revelar todo el valor [&hellip;]
